q).
22
Let a(f) = -21*f**3 - 14*f**2 + 14*f + 4. Let n(i) = -21*i**3 - 16*i**2 + 16*i + 5. Let l(z) = -9*a(z) + 8*n(z). What is l(-1)?
-21
Let t(o) = -2*o**2 + 18*o - 14. Let d be t(8). Let l(b) = -d - b - 16 + 5 + 0. Determine l(-7).
-6
Suppose 244*d - 222 = -5*k + 240*d, 236 = 5*k + 2*d. Let g(h) = -2*h**3 + 100*h**2 - 2*h + 106. Calculate g(k).
6
Let g(q) = 4*q. Suppose -19*u = -20*u + 2. Let i(p) = -78*p - 1 + 73*p + u. Let v(a) = -4*g(a) - 3*i(a). Determine v(-3).
0
Suppose -2*t + 43 = -3*i, -53*i = -56*i - 2*t - 47. Let g(p) = 6*p + 90. Determine g(i).
0
Let t = 390 + -386. Let v(d) = 3*d - 184 - 178 + 359 + d**2. Give v(t).
25
Suppose 0 = -8*c + 9*c - 2. Suppose -18 = -9*x + 5*x - 5*o, -18 = -c*x + 2*o. Let u(p) = -p**3 + 6*p**2 + 6*p + 7. Determine u(x).
0
Let j be (3 - (-160)/(-52)) + (-6200)/(-325). Let i(v) = -v**3 + 18*v**2 + 17*v - 2. Give i(j).
-40
Let r(x) be the first derivative of 11*x**7/840 - 10*x**3/3 + 14. Let f(p) be the third derivative of r(p). What is f(1)?
11
Let a(t) = -17*t + 27. Let j be a(2). Let l(s) = -15*s - 102. Give l(j).
3
Let x(b) = -9*b + 76. Let v be (-7)/(-462)*18 + 1365/77. What is x(v)?
-86
Suppose 26 = 3*r + 2*b, 4*b - 7*b = -12. Let c be (3/r)/(2/20). Suppose 3*u - 1 - c = 0. Let m(z) = -2*z**3 + z - 1. What is m(u)?
-15
Let z be (-8 + 12 - (2 - 3))/(10/6). Let i(x) = 29*x - 81. Calculate i(z).
6
Let n(h) be the first derivative of 7*h**2 + 7. Suppose 0 = -131*k + 140*k + 9. What is n(k)?
-14
Suppose 0 = -0*w + 4*w - 12. Let z(x) = -8*x + 47 - 91 + 37 + x**3 - x**2 + 6*x. Give z(w).
5
Let g(c) = -2*c - 11. Let x be (-9)/4 + -2 - 1/(-4). Determine g(x).
-3
Let d(l) = -l**3 + 4*l**2 - 7*l - 5. Let a be 1 + ((-3)/9)/(5/(-45)). Let z(j) = a - 16*j**2 - 1 + 18 + 5*j**3 + 29*j. Let t(x) = -9*d(x) - 2*z(x). Give t(-5).
3
Let m be 6 - (1*(-1 - 0) - 0). Suppose 0*v - 280 = m*v. Let f = v - -33. Let n(c) = -c**2 - 7*c + 1. What is n(f)?
1
Let n = -24 - -27. Let s(c) be the third derivative of -c**6/120 + c**5/10 - c**3/6 - 5*c**2 + 3. Calculate s(n).
26
Let v(w) = -2 - 25*w - 2 - 58 + 19*w. Calculate v(-11).
4
Let o(j) = -4*j**2 - 13*j - 10. Let l = 68 + -62. Let n(y) = -7 + 14*y + 18 - 3*y**2 + 3*y**2 + 5*y**2. Let b(c) = l*o(c) + 5*n(c). Determine b(9).
4
Let t(x) = -7*x**2 - x. Let o be t(-1). Let w(k) be the first derivative of -k**4/4 - 7*k**3/3 - 5*k**2/2 + k + 54743. Calculate w(o).
-5
Let b(h) = 9*h + 1. Let v = -87 + 89. Let t be ((-4)/6)/(2*v/(-30)). Let y be (-2 - -7) + (t - 7). Calculate b(y).
28
Let b(f) be the second derivative of f**5/20 - 5*f**4/4 + 13*f**3/6 + 5*f**2 - 401*f + 1. What is b(14)?
-4
Suppose 0 = -5*w - 5*n + 7*n - 26, -3*w + 2*n = 18. Let p be w/6*(-399)/38. Let m(q) = -3*q + 8. Give m(p).
-13
Let t = 189 + -124. Suppose t = 22*n - 9*n. Let x(v) = -v**2. Let c(o) = -6*o**2 + 3*o + 4. Let y(i) = c(i) - 5*x(i). Calculate y(n).
-6
Let c(s) = s - 2*s + s**2 + s - 8*s - 4. Let d be c(9). Let j(m) = d + 2 - 3 + m. Determine j(-3).
1
Let w(l) be the first derivative of 5*l**4/12 + l**3/6 - l**2 - 3*l + 12. Let g(h) be the first derivative of w(h). Let p = 73 + -71. Give g(p).
20
Let g(m) = 2*m**2 + 2*m. Let c(w) = w**3 - 19*w**2 + 16*w + 34. Suppose -5*d - 4*h + 102 = -h, 0 = 5*d + h - 94. Let r be c(d). What is g(r)?
4
Let w(h) = -15968*h + 47957*h + 58 - 15976*h + 2*h**2 - 15979*h. What is w(-15)?
-2
Suppose 0 = 3*r + p + 4, -7*p = 5*r - 6*p + 4. Let o be (1 - 4)*-1 - 0. Let w(i) = o*i + 4*i - i**2 - 3*i - 3*i. What is w(r)?
0
Let u(z) = -2*z - 1. Let a = -23 - -21. Let d(s) = s**3 + 2*s**2 + 2. Let b be d(a). Let c be u(b). Let p(w) = w**3 + 6*w**2 + 6*w + 3. Determine p(c).
-2
Let d(y) = -130*y**2 + 2*y**3 + 126*y**2 + 3 - 3*y - 3*y**3. Let g be d(-3). Suppose -g*s = -s + 2. Let v(j) = 16*j**3 + 2*j + 1. Give v(s).
-17
Let h(o) be the first derivative of -o**4/2 - 4*o**2 - 3*o + 1841. What is h(0)?
-3
Let d(y) = 15*y**2 - 72*y + 67. Let o be d(1). Let r(v) = v**2 - 7*v - 23. Determine r(o).
7
Let x(p) = -197*p - 13. Let k be x(-1). Let m(j) = 3 - 5 - k*j + 183*j. What is m(-6)?
4
Let y(k) be the second derivative of -k**4/6 + k**2/2 - 4*k. Suppose n + 2*n - 1 = d, 3*n + d - 5 = 0. What is y(n)?
-1
Let j(z) be the second derivative of z**5/20 + 5*z**4/12 - 3*z**2 - 1680*z. What is j(-5)?
-6
Let j(v) be the third derivative of -v**4/8 + v**3/2 - 4*v**2. Let q(y) = 312*y + 13725. Let b be q(-44). Give j(b).
12
Let d(i) = -i**3 - 8*i**2 + 8*i - 42. Suppose 0 = 5*p + 2*m + 42, -348*m - 70 = 5*p - 353*m. Determine d(p).
78
Suppose -146*n = 346 - 2390. Let l(g) = -g**2 + 19*g - 63. What is l(n)?
7
Let y(h) be the second derivative of -33*h + 1/12*h**4 + 0 - 2*h**2 - h**3. Calculate y(5).
-9
Let z(l) = -2*l**2 + l. Let b = 103 - 99. Let d(u) = 7*u**2 + 3*u + 1. Let k(y) = b*z(y) - d(y). Calculate k(1).
-15
Let w = -1819 + 1839. Let o(h) = -h**3 + 22*h**2 - 40*h + 1. Determine o(w).
1
Let o(n) be the first derivative of n**3/3 + 11*n**2/2 + 7*n + 1227. What is o(-9)?
-11
Let p(t) be the first derivative of 0*t - 2*t**3 - 42 + 1/2*t**2. Calculate p(1).
-5
Let j be (-223 - -251)*6/21. Let d(y) = -y**3 + 8*y**2 - 17. Calculate d(j).
-17
Let s be (0 + 16/(-20))*-75. Let q be s/(-100) + ((-1672)/(-10))/2. Let f(g) = 9 - 1 - q*g + 86*g. What is f(-7)?
-13
Let g be (-4599)/(-292) - (-1)/4. Let i be g/(-4) + -2 - -8. Let k(a) = a**3 - 3*a**2 + a + 4. Calculate k(i).
2
Let i(j) = 2*j + 10. Let p be (-2 - -2)/(4/(-4)). Let v be (1 + (p - 1))/(-1). Suppose -14 = 3*w + 5*d, v = -2*w + 6*w + 3*d + 26. What is i(w)?
-6
Let o be (-4)/14 - 138/(-42). Suppose w - o = -0. Let z(r) = 90*r - 4 - 78*r**2 + 40*r**2 + 37*r**2 - 86*r. Calculate z(w).
-1
Let l = 419 - 419. Suppose l = -d + 3*w - 8*w - 2, -4*w - 10 = 2*d. Let z(c) = -c**3 - 6*c**2 + 6*c - 6. Determine z(d).
1
Let w(r) = -2*r**2 - 15*r - 19. Let j(x) = 3*x**3 - 338*x**2 + 228*x - 454. Let i be j(112). Give w(i).
-1
Let o(i) be the first derivative of i**2/2 + 16*i - 3272. Calculate o(-28).
-12
Let h(q) = -q**2 + 5*q + 62. Suppose 32*u + 44*u + 456 = 0. What is h(u)?
-4
Let g(v) = v**3 + 15*v**2 - 15*v + 21. Let o be g(-16). Let y be (o + 65/(-5))/2. Let b(d) = d**2 + 2*d + 3. Determine b(y).
11
Let g(u) = 41*u + 44*u + 5 + 35*u + 40*u - 152*u + u**2. Suppose 0 = 3*m, 2*t + 2*m = -0*m - 16. Calculate g(t).
5
Let z(p) = -2*p**2 + 2*p + 5. Let a be 19/(-1) + -207 + 231. What is z(a)?
-35
Suppose -48*c = 15*c - 252. Let j(q) = 7*q**2 - 5*q. Give j(c).
92
Let o be -6 - ((-6)/3 + 2). Let r(m) = -m**2 + m + 1. Let w(s) = 5*s**2 + 3*s + 5. Suppose 42*p + 8 = 44*p. Let h(q) = p*r(q) + w(q). Calculate h(o).
3
Let j be (1 + -8)/((-37)/1295). Let a(u) = -u - j + 245. Give a(10).
-10
Let t(m) be the second derivative of -m**5/20 + m**4/6 + m**3/6 + m**2/2 - 86*m. Suppose 4*c = 5*i + 2 + 5, i + 3 = 0. Calculate t(c).
15
Suppose -1160 = 23*q + 6*q. Let n be (-8*(-1)/16)/((-2)/q). Let c(f) be the second derivative of f**4/12 - 5*f**3/3 + 3*f**2 + f. What is c(n)?
6
Let f(l) be the second derivative of -l**4/24 + 5*l**3/6 + 115*l**2/2 - 95*l. Let i(c) be the first derivative of f(c). Determine i(-9).
14
Let z(y) = -y + 2. Let u(v) = 12*v - 7. Let x(d) = -10*d + 6. Let w(o) = -3*u(o) - 4*x(o). Let m(b) = -w(b) - 3*z(b). What is m(-2)?
-1
Let l(j) be the second derivative of -j**3/3 + 2*j**2 - j. Suppose 0 = -1174*p + 5555*p - 7607 + 29512. Determine l(p).
14
Let b(f) = f**3 - 5*f**2 - 9*f + 15. Let n = -2057 + 2063. Give b(n).
-3
Let w(f) be the second derivative of -7*f**3/6 + 102*f. Let b = -10 - -15. Suppose h + h - 6 = -2*p, b*h + 25 = 3*p. Calculate w(h).
14
Let y(r) be the second derivative of -r**5/20 + r**4/2 + 5*r**3/6 + 5*r**2 + r. Let j = -2575 + 2582. Determine y(j).
-4
Let o(b) = -b**3 + 7*b**2 + 11*b - 106. Let j be o(6). Let x be 8/(-16)*(20 - j). Let i(s) = -s**3 - 12*s**2 + s + 4. What is i(x)?
-8
Let v(g) = -2*g**2 + 4*g + 13. Suppose 12*j = 9*j + 135. Let b = j - 47. Let d be v(b). Let l(t) = -2*t - 3. Give l(d).
3
Let d(l) be the second derivative of -l**4/6 + 4*l**3/3 - 2*l**2 + 2*l. Let b = -21 - -37. Let c be ((-12)/b)/(3/(-20)). Give d(c).
-14
Let k(g) be the third derivative of g**6/120 - g**5/15 + g**4/12 - 2*g**3/3 - 22*g**2. Let w be 4/(8/34)*1. Let j = 20 - w. Give k(j).
-7
Let c(u) = 27 + u - 25 + 78 + 10 - 39. Determine c(-20).
31
Le